j be (6 + (-301)/(-14))/((-3)/(-6)). Suppose 0 = 2*b - 3 - 19. Calculate the greatest common factor of b and j.
11
Let i = 219 - 124. Let s(j) = j**3 + 11*j**2 + 30*j + 19. Let v be s(-6). What is the highest common factor of v and i?
19
Suppose 76*y - 75*y - 185 = 0. What is the highest common divisor of y and 37?
37
Let c be 10/8 + 558/8 - -5. What is the highest common divisor of c and 532?
76
Let d = 8 - 11. Let o be -3*(-1)/(d - -2). Let s be (48/15)/(o/(-105)). Calculate the highest common divisor of 16 and s.
16
Let z = -48 + 39. Let h be (z/(-2) - 4)*24. What is the highest common factor of h and 4?
4
Let j be -2 - 1*(-12)/(-2). Let k(g) = -5 + 236*g - 245*g - 7. Let r be k(j). What is the greatest common factor of 15 and r?
15
Let r be (-304)/((9 - 5) + -5). What is the greatest common factor of r and 272?
16
Let c(g) = -g**3 - 17*g**2 - 5*g - 28. Let x be c(-17). Let r = 82 - x. What is the greatest common divisor of 275 and r?
25
Let x be 1 + (-1)/((-1)/(-100)). Suppose 329*y = 326*y + 537. Let v = y + x. Calculate the highest common divisor of 32 and v.
16
Let y be ((-11)/22)/(1/2). Let n be y/(-3) - (339/(-9) - 0). What is the highest common divisor of n and 266?
38
Suppose 4*h - v - 808 + 155 = 0, 3*v + 15 = 0. What is the greatest common divisor of h and 243?
81
Let y(v) = 2*v + 9. Let k be y(-3). Suppose 0 = -h + 3*h - 138. Let f = -48 + h. Calculate the highest common divisor of k and f.
3
Let a = -601 - -680. Calculate the greatest common factor of a and 395.
79
Suppose a + 3*a + 443 = -t, 2*a + 4*t + 218 = 0. Let o = 123 + a. Let p be (-46)/(-8) - (-1)/4. Calculate the highest common factor of p and o.
6
Let z be (6/9)/((-2)/(-36)). Suppose 5*j + 2*f - 304 = 0, -4*j - j + 294 = -3*f. What is the highest common factor of j and z?
12
Let s = -746 + 906. Calculate the highest common factor of s and 520.
40
Let n(p) = -2*p - 27. Let k(l) = 6*l + 81. Let g(y) = -2*k(y) - 7*n(y). Let z be g(18). What is the highest common divisor of 9 and z?
9
Suppose -19 = -5*c + 3*v, 2*v - 1 = 3. Suppose -c*u + s + 386 = 2*s, 2*u - 5*s - 176 = 0. What is the greatest common divisor of u and 6?
6
Let f = 1043 - 734. What is the highest common divisor of f and 412?
103
Suppose -983 = -3*q - 3*d + 67, 1054 = 3*q - d. What is the greatest common divisor of 27 and q?
27
Let c(w) = w**3 - 2*w**2 - 8*w - 5. Let t be c(4). Let z be 16/1 - -4*t/10. Calculate the highest common divisor of 98 and z.
14
Let p = 126 + 94. Suppose -3*b + p = 2*f, 2*b - b + 2*f = 80. Let k = b - 41. What is the greatest common divisor of 116 and k?
29
Let a = 911 - 586. Suppose 146*h - a = 141*h. What is the highest common divisor of h and 26?
13
Let r(t) be the third derivative of t**6/120 - t**5/60 + t**3/6 + t**2. Let u be r(2). Suppose -9 = -8*b + 7. What is the greatest common divisor of u and b?
1
Let p be 18060/350 - (8/(-5))/4. Calculate the greatest common divisor of p and 598.
26
Suppose 0*y + q = -5*y + 40, -3*y = 4*q - 41. Let b be (-4)/(-3)*177/2. Let r = -41 + b. What is the greatest common factor of r and y?
7
Let m(p) = 5*p**3 + 5*p**2 + 7*p + 1. Let r be m(2). What is the greatest common factor of r and 775?
25
Suppose -6 + 214 = 4*z - 4*u, 5*u = -3*z + 132. Calculate the greatest common divisor of z and 14.
7
Suppose 3*v = -5*p - v + 369, 5*p - 405 = 5*v. Suppose 4*o - 48 = -4*l - o, -2*l + o + 10 = 0. What is the highest common factor of l and p?
7
Let y(i) = 19*i - 3. Let k be y(3). Let n be (-38)/(-10) + (-27)/(-135). Let v be n/1 + 64/32. Calculate the highest common factor of k and v.
6
Suppose 35 = 19*o - 12*o. What is the greatest common factor of o and 3?
1
Suppose -4*n - 52 = -3*p, 0 = 5*p - 3*n + 2*n - 64. Suppose 0*i = 3*i + p. Let r be -2 - -1 - (i - 42). What is the greatest common factor of r and 18?
9
Let i = -1235 + 516. Let f = i - -510. Let a be f/(-55) + (-2)/(-10). Calculate the highest common divisor of 10 and a.
2
Let x = -477 + 515. What is the highest common factor of x and 874?
38
Let o = 97 - 67. Let p be (12/o)/((-1)/(-70)). Let n be 6/12*p/2. Calculate the highest common factor of n and 77.
7
Suppose -u = -4*d + 6, -4*u = d + u - 12. Suppose 0 - 4 = -d*s. Let o(p) = -p**3 - 2*p**2 - 7. Let t be o(-3). Calculate the greatest common factor of t and s.
2
Let j = -4 - -4. Suppose 3*i = -j*i + 138. Let z be (344 + 1)/(-3)*(-32)/160. Calculate the highest common factor of z and i.
23
Suppose 22 = 5*n - 6*r + 3*r, 5*n = -4*r - 6. What is the greatest common factor of 18 and n?
2
Suppose 2*o = -2*o + 16. Let u(m) = 51*m + 1134. Let z be u(-22). Calculate the greatest common factor of z and o.
4
Suppose -4*h + 5*q - 2 = -12, -2*h = 3*q + 6. Suppose h*a - 3*v + 37 = 5*a, 5*a + v = 39. What is the highest common factor of a and 12?
4
Let x(v) = v**3 + 3*v - 4. Let u(a) = a**2 - 16*a - 15. Let k be u(17). Let f be x(k). What is the greatest common factor of 20 and f?
10
Let d(k) = -k**3 + 3*k**2 + k - 3. Let z be d(3). Suppose -165 = -3*l - z*t + 3*t, 267 = 5*l + 3*t. What is the highest common factor of l and 72?
18
Suppose -14 = -1906*k + 1905*k + 2*i, 0 = -5*k - 5*i - 5. Let o(f) = 3*f**2 + 4*f. Let u be o(4). What is the greatest common factor of u and k?
4
Let h = 176 - 101. What is the highest common factor of 10 and h?
5
Let b be -4*(-2)/8 + -1. Suppose b = n + 5*a - 25, a = n + 3*a - 19. What is the greatest common factor of 45 and n?
15
Suppose -g + 18 = -17. Let r(o) = o**2 - 5*o. Let v be r(3). Let u = v - -11. Calculate the highest common factor of g and u.
5
Let d be 3*5*180/150. Suppose m + d = 10*m. Suppose -4*t - 5 = -77. What is the highest common divisor of m and t?
2
Suppose -4*w + 96 = 8. Let o be (60/105)/(4/14). Suppose o*p + 2*p = 352. Calculate the highest common divisor of p and w.
22
Let u = -50 + 183. Calculate the greatest common factor of u and 57.
19
Suppose -3*w + 2*k = -1, -3*w = -5*w + 4*k - 10. Suppose -2*r = -n - 2, 3*r - 5*n = -n - 7. Let i = 27 - r. What is the greatest common divisor of w and i?
3
Let y(a) = 4*a**2 + a - 2. Let b be y(5). Let s = b - 69. Suppose -19*i + 13*i + 2244 = 0. What is the greatest common factor of s and i?
34
Suppose 3*v - q = -12 + 145, 5*v - 215 = -5*q. What is the greatest common factor of v and 11?
11
Let k(q) = -q**2 - 6*q - 6*q**3 + 155 + q**2 - 162 - 6*q**2. Let o be k(-3). What is the highest common factor of o and 17?
17
Let y(i) = i**3 + 6*i**2 - 10. Let j be y(-5). Let t(p) = p. Let x be t(4). Suppose 0 = -x*c - c + 30. Calculate the greatest common divisor of j and c.
3
Let a(t) = t - 10. Let o be a(12). Suppose 0 = 3*p - y - 4, -p = 2*y + o*y - 10. Let d be -33*p/(-4)*6. What is the greatest common factor of 11 and d?
11
Let m = 503 + -423. Calculate the highest common factor of 220 and m.
20
Let a be (4 - 0)/((-6)/(-60)). Let l = -4 - -24. Calculate the highest common divisor of l and a.
20
Let m be (-144)/(-3 + 12)*(-3)/2. What is the greatest common divisor of m and 168?
24
Suppose 23 = 4*s + 3. Suppose -11 = -s*o + 9, 3*w - 2*o - 19 = 0. What is the highest common factor of 99 and w?
9
Let w be 3/((-22)/260 + 19/95). Let s(k) = 2*k**2 - 2*k - 14. Let x be s(9). What is the greatest common divisor of x and w?
26
Let i be 4*17/(408/1092). What is the highest common factor of 104 and i?
26
Suppose -3*i + q + 189 = -q, 0 = 4*i - 2*q - 250. Suppose 7*z + 26 = i. Calculate the highest common factor of z and 15.
5
Suppose -2*k + 5*k + 3*l = 60, 0 = 5*l + 5. Let s = k + -15. What is the highest common divisor of 54 and s?
6
Let v(k) = -15*k + 69. Let t be v(2). Calculate the highest common factor of t and 15.
3
Let b be (-2)/(-5) + 218/5. Suppose 0*i - 2*m - 39 = -3*i, 4*m - 32 = -4*i. Calculate the highest common factor of i and b.
11
Let s(k) = k**3 - 3*k**2 - 4*k - 8. Let f be s(8). What is the greatest common factor of 7 and f?
7
Let g be -5 + (3 - 8/4)*3. Let r be (-119)/g*4/7. What is the greatest common factor of 306 and r?
34
Let r(l) = -3*l**3 + 27*l**2 + 9*l + 6. Let y be r(9). What is the highest common factor of 58 and y?
29
Let o(t) = 3*t**3 - 25*t**2 - 18*t + 55. Let i be o(11). Calculate the highest common factor of 150 and i.
75
Suppose f - 2 = -3. Let a be (896/16)/(f*2 - -3). What is the greatest common divisor of 42 and a?
14
Let v(o) = 8*o**2 - 2